of 3*s**3 - s. Give w(t).
18
Suppose 176 = 8*n - 16. Suppose 2*h + 5*y = n, -3*h - y - 4*y = -26. Let x(o) = 3*o**2 - 4*o + 2. Give x(h).
6
Suppose -45 = -6*u - 3. Suppose -1 - u = 2*i. Let s(z) = -z**2 - 3*z - 1. What is s(i)?
-5
Suppose -3*j - 3*o - 7 = -19, -4*o = -2*j - 4. Let t(l) = -1 + 5*l + 0 + j*l. Let b = -1985 + 1986. Give t(b).
6
Let l(i) be the third derivative of i**6/120 - i**5/15 + i**4/12 - i**3/2 + 370*i**2. Let w(q) = -q + 2. Let h be w(-2). Give l(h).
5
Suppose -5*j = -j - 60. Let x be j/(-15) + -2 + 1. Let k(c) = -c**2 + 2*c + 3. What is k(x)?
-5
Let u = 89 - 90. Let y(q) be the first derivative of -3*q**2 - q - 1. Give y(u).
5
Suppose 0*t - 2 = -2*t. Let k be -9*((-2)/(-3) - t). Let v(f) = 72*f - 72*f + k*f**2. Give v(-1).
3
Let l(n) be the third derivative of -n**5/30 + 5*n**4/24 + 17*n**2. Let d be 0 - 2/(0 - 1). Suppose -o + 2*a = 0, -o = o - 3*a - d. Calculate l(o).
-12
Let x(g) = g**3 - 3*g**2 + 3*g - 4. Let y be x(3). Suppose y*z + 0*w - 14 = 2*w, 4*w - 12 = 0. Let t(n) = -12 + z - n + 0*n. Determine t(-7).
-1
Let u(g) = -277 - 7*g + 2*g + 141 + 134. What is u(-4)?
18
Let h(i) = -2*i**3 - 12*i**2 + 8*i - 8. Let j(w) = 5*w**3 + 26*w**2 - 17*w + 16. Let b(q) = 7*h(q) + 3*j(q). What is b(6)?
22
Let z(l) = -l**2 - 6*l - 3. Suppose -6 = -b + 15. Suppose 0 = -10*o - b - 19. Calculate z(o).
5
Let j(d) be the second derivative of 33*d + 0 + 0*d**3 - 7/2*d**2 + 1/20*d**5 - 1/12*d**4. Let r = 0 + 0. Calculate j(r).
-7
Let f(h) = -229 - 235 + 4*h - 3*h + 447. What is f(10)?
-7
Let l(k) = -3*k**2 - 2*k + 1. Let c be 11/(-66) + 74/12 + -4. Determine l(c).
-15
Suppose z = h - 7, 4*h + 3*z = 8*z + 29. Let i(j) = 5*j - 7. Determine i(h).
23
Let t(y) = 13*y + 1. Suppose -3*l = -2*k - 14, -2*k = 4*l - 0*k. Give t(l).
27
Let v(q) = q**2 - 1. Let x(h) = -5*h**2 - h - 3. Let l(m) = m**2 + 1. Let t(n) = -4*l(n) - x(n). Let o(g) = 2*t(g) - 3*v(g). Let k = 8 + -5. What is o(k)?
-2
Let k(i) = i**3 + 0 - 2*i + 8*i**2 + 4*i - 1 - 3*i**2 + 5. Calculate k(-3).
16
Let o(k) = -k + 5 + 2 + 7 + 3*k. What is o(-11)?
-8
Let k(w) be the third derivative of w**6/180 - w**5/30 + w**4/4 + 7*w**2. Let g(a) be the second derivative of k(a). Calculate g(-3).
-16
Let v(c) = -c**3 - 10*c**2 - 9*c + 3. Suppose r + 72 = 21. Let k = r + 42. Calculate v(k).
3
Suppose 0*t - 3*m + 10 = -2*t, -5*t - 3*m = -17. Let n(k) = k**3 - k**2 + k. Calculate n(t).
1
Let m(c) = -c**3 + 11*c**2 + 14*c - 1. Suppose -13 - 11 = -2*i. Determine m(i).
23
Let r(f) = -f**2 + f + 1. Suppose -2*c + 0 + 4 = -3*m, 0 = 2*c - 4*m. Suppose -6*h + c*h + 2 = 0. Let k be -1*(h - 4) + -4. Give r(k).
1
Suppose 3*v = -2*v. Let j = v + -7. Let m(g) = -9*g**2 - 6*g + 10. Let k(t) = -5*t**2 - 3*t + 5. Let l(n) = j*k(n) + 4*m(n). Determine l(-4).
1
Suppose 5 = b + 2. Let a(x) = -x**2 - 6 + x**b - 8 + 18 - 2. Give a(2).
6
Let p(r) be the first derivative of -5*r**4/2 - r**3/3 + r**2 - r - 149. Calculate p(1).
-10
Suppose -4*r + 0*r = 20. Let t(f) be the third derivative of -f**4/24 - f**3/6 - 65*f**2. Let j(p) = 8*p + 11. Let c(n) = -j(n) - 5*t(n). Determine c(r).
9
Suppose -5 = -4*v - 5*p, 82*v = 87*v + 2*p + 15. Let f(h) be the third derivative of -h**6/120 - h**5/10 - h**4/4 - h**3 + 2*h**2. Determine f(v).
-1
Let s(k) be the second derivative of -k**4/12 - 3*k**3/2 - 7*k**2/2 + 1445*k - 1. Let i(l) = l. Let y be i(-7). Calculate s(y).
7
Let p(n) = -n**3 + n**2 + 2*n + 1. Let w(s) = 4*s**3 - 2*s**2 - 11*s - 5. Let k(h) = -5*p(h) - w(h). Give k(2).
-2
Let y(a) = -a**2 + 10*a**3 + 1267 - 1267. Suppose 3*u = -u. Suppose u = 5*t - 5*i + 5, 5*i - 1 - 9 = 0. What is y(t)?
9
Suppose 7 = -d - 5*s, -d - 2*s = -7*s - 13. Let c = 0 + d. Let k(n) = 2*n + 2. What is k(c)?
8
Let z(i) = 5*i**3 + 4*i**2 - i - 24. Let s(q) = -9*q**3 - 9*q**2 + q + 44. Let w(t) = 6*s(t) + 11*z(t). Determine w(10).
-50
Let j(k) be the second derivative of -7*k**3/6 - k**2/2 - 2*k + 1. Suppose -5 - 4 = 3*x. Let h = -4 - x. Calculate j(h).
6
Let f be (-2)/(-4)*0 - 390/(-5). Suppose -r = -f + 84. Let d(j) = 2*j + 6. Give d(r).
-6
Let q(k) be the first derivative of -k**4/4 + 2*k**3 - 3*k**2/2 + k + 41. Suppose 0 = 3*a - g - 15, a - 5 = -2*g + 5*g. Calculate q(a).
11
Let h(x) = -x - 11. Let u be h(-7). Let a(k) = -3*k**3 + 3*k**2 + 8*k - 13. Let i(l) = l**3 - 2*l**2 - 3*l + 6. Let g(s) = -2*a(s) - 5*i(s). Calculate g(u).
0
Let i(p) = -p**2 + 10*p + 8. Let t be i(8). Suppose 2*q = -q + t. Let d be q + (-3 + 2)*3. Let s(b) = -b**3 + 6*b**2 - 6*b + 4. Calculate s(d).
-1
Let f(s) = 5*s**3 - 16*s**2 - 3*s + 14. Let t(y) = -y**3 + y**2 - y - 3. Let u(i) = f(i) + 6*t(i). What is u(-9)?
-4
Let l be ((-265)/(-25) - 7) + 3/(-5). Let m(j) be the first derivative of 0*j + 1/2*j**2 - 1/4*j**4 - 4 - 5/3*j**l. Determine m(-5).
-5
Let n(w) = -14*w**3 + 14*w**2 + 3*w - 8. Let r(o) = -5*o**3 + 5*o**2 + o - 3. Let g(t) = 3*n(t) - 8*r(t). Let k be (-2 + 3)/((-2)/4*2). Determine g(k).
3
Let a(i) = -208*i**2 - 199*i**2 - 5*i + 611*i**2 - 203*i**2 + 8. Suppose -c + 7 - 1 = 0. What is a(c)?
14
Suppose -27 = y - 31. Let q(m) = -2 + 5 + 0*m**2 + y*m - 6 - 3*m**2. Calculate q(2).
-7
Suppose 30 = -5*v - 5*f, 9*f = 13*f + 4. Let g(p) = 4*p**3 + 3*p**2 + 6*p + 8. Let t(j) = 3*j**3 + 4*j**2 + 6*j + 7. Let h(o) = -2*g(o) + 3*t(o). Give h(v).
0
Suppose 2*j + 2*b = 5*b, -20 = 4*j + 4*b. Let h(m) be the first derivative of m**2/2 - 3*m - 4472. What is h(j)?
-6
Let g(x) = -4*x - 20. Suppose -537*w - 420 = -477*w. Give g(w).
8
Let o be (-55)/((-10)/2) - -2. Let b = o - 0. Let x(q) = 9 + 3 - 4*q**3 - q**3 + 2*q**2 - b. Determine x(-1).
6
Let x be (1*-5)/(2 - 3). Let v(h) = 8*h - 4. Let l(k) = 9*k - 4. Let w(t) = 3*l(t) - 2*v(t). Let j(n) = -9*n + 3. Let c(f) = -6*j(f) - 5*w(f). Determine c(x).
-3
Suppose 0 = -5*u + p - 3*p + 20, 4*p = -5*u + 30. Suppose u*v - 3*r - 23 = 0, -4*v - r + 4 = -7. Let q(a) = a**3 - 4*a**2 + a - 3. Calculate q(v).
1
Let t(c) = c - 54 + 54. Let x(f) = -7*f - 16. Let q(d) = 6*t(d) + x(d). What is q(-8)?
-8
Suppose 14*w - 11 = 17. Let m(c) be the second derivative of 0*c**3 + 0*c**w + 3*c + 0 + 1/12*c**4. Determine m(0).
0
Let b(f) = -f**2 + 13*f - 9. Let v = -33 + 46. What is b(v)?
-9
Let p(j) = 1 - 3*j + 2*j + 5. Let d(g) = g**2 + 11*g - 22. Let c be d(-13). Suppose -5*o = c*l + l, -4*l = -3*o + 35. Give p(o).
1
Let a(z) = 10*z**2 - 3*z + 2. Let m be (-5)/2*6/(-15). What is a(m)?
9
Let b = -77 + 81. Let i(v) = 7*v - 17. Let g(s) = -3*s + 8. Let f(p) = b*i(p) + 9*g(p). What is f(3)?
7
Let k(a) = -a - 23. Let x be k(17). Let u = x + 37. Let g(m) = m + 2. Let r(n) = 3*n + 6. Let s(o) = 8*g(o) - 3*r(o). Determine s(u).
1
Suppose 0 = -5*g + 3*s - 15, 3*s - 2*s - 19 = 4*g. Let r(p) = -p**2 - 5*p - 2. Calculate r(g).
-8
Let n(s) = 4*s + 5. Let p(d) = -22*d - 26. Let r(v) = -16*n(v) - 3*p(v). What is r(5)?
8
Let w be (-14)/3 + (-2)/6. Let l(x) be the third derivative of x**5/60 + x**4/8 - x**3/3 + 545*x**2 + 2*x. Give l(w).
8
Let u(i) = i**2 - 8*i + 3. Suppose 718 - 38 = 5*p. Suppose 8*j = -9*j + p. Give u(j).
3
Suppose -z + 19 = p - 4*z, -5*p = -4*z - 62. Let h(k) = k**3 - 11*k**2 + 10*k - 6. Calculate h(p).
-6
Let l(t) = -2*t + 1. Suppose 3*k + 5*j = 9, 5*j + 4 = 5*k - 11. Let a be l(k). Let u(r) = r**3 + 4*r**2 - 7*r. Give u(a).
10
Let n(y) = y**2 + y. Let d(h) = 3*h - 20. Let f be d(7). Let m(k) = 5*k**2 + 6*k - 5. Let q(v) = f*m(v) - 4*n(v). Determine q(-5).
10
Let d(z) = -4 - 815*z**2 + 814*z**2 + 9*z - 2*z. Let a(w) = -w**2 - 5*w + 5. Let m be (-2)/6 + (-42)/9. Let j be a(m). Give d(j).
6
Let i(h) = h**3 + 3*h**2 - 14*h - 10. Let n be i(-5). Let q(j) = -12*j**2 - 22*j**3 + 10*j + n*j**3 + 13*j**3 + 3. Calculate q(11).
-8
Let y(m) = m**2 + m - 4. Let n = 125 - 125. What is y(n)?
-4
Let j(k) be the second derivative of 7*k**4/24 - k**3/6 - 21*k**2/2 - 10*k. Let o(g) be the first derivative of j(g). Give o(3).
20
Let w(a) be the third derivative of a**6/120 + 2*a**5/15 + 5*a**4/8 + 3*a**3/2 + a**2 + 42*a. What is w(-6)?
-9
Let v(s) be the third derivative of s**5/60 - s**4/24 - s**3/6 + s**2 + 16. Calculate v(2).
1
Suppose 2*j - 3*w - 77 = -0*w, -3*j + 2*w = -108. Let y = -26 + j. Let v(q) = 2*q - 8*q**2 + y*q**2 - 5*q**2 - 1 - q**3. Determine v(-5).
-11
Let r(j) = -j**2 + 4*j + 6. Let n(t) = -2*t**2 + 6*t + 8. Let c(o) = 2*n(o) - 3*r(o). Calculate c